-211d34
In base 12, what is -2 - 10124122?
-10124124
In base 5, what is 1032 - -3443423?
4000010
In base 14, what is 5722d - 17db?
55832
In base 3, what is -1002022021 + 10212122?
-221102122
In base 5, what is 342044 + -434?
341110
In base 12, what is 2332 - -b73b5?
b9727
In base 10, what is -509 - 22722?
-23231
In base 10, what is -49810010 + 1?
-49810009
In base 9, what is 132 - -144670?
144812
In base 13, what is -1 + -8ab73c?
-8ab740
In base 7, what is 12664532 - 12?
12664520
In base 11, what is -6125660 - 26?
-6125686
In base 6, what is 3 - -53535222440?
53535222443
In base 2, what is -101101000100001000 + 101110111?
-101100111110010001
In base 6, what is -125252 - -320055?
150403
In base 4, what is 2232 - 3013122?
-3010230
In base 9, what is 1842 + 30635?
32577
In base 3, what is -1010222011 - -210210?
-1010011101
In base 9, what is -861 + -73568?
-74540
In base 14, what is -209 + -20dd4?
-211dd
In base 12, what is 2 + -28449252?
-28449250
In base 11, what is -7 - 59951?
-59958
In base 10, what is -34 + -601719?
-601753
In base 15, what is 1 - -105b18e?
105b190
In base 11, what is -9a538037 - -2?
-9a538035
In base 10, what is -10 + 14564725?
14564715
In base 10, what is 10447 + -1677?
8770
In base 6, what is 342434300 - -15?
342434315
In base 11, what is 2641296 + 3?
2641299
In base 2, what is 1011100101001111111 + 10110?
1011100101010010101
In base 2, what is 1001101100 - 100010100001?
-11000110101
In base 4, what is 2 + -110320120233?
-110320120231
In base 3, what is -21010000122222 - -121?
-21010000122101
In base 9, what is 20282 + 800?
21182
In base 6, what is -1 - 543001333?
-543001334
In base 7, what is -163315 - -11433?
-151552
In base 8, what is 102755 + -444?
102311
In base 14, what is bb7 + -736?
481
In base 14, what is c + -406838?
-40682a
In base 5, what is 1113 - -22230110?
22231223
In base 8, what is 2 - -1035124065?
1035124067
In base 14, what is -4a + -177c5?
-17831
In base 4, what is -3300 - -1312131?
1302231
In base 5, what is -3012130133 - -101?
-3012130032
In base 2, what is -100 - 100011011101011?
-100011011101111
In base 15, what is -122 - -1ac4?
19a2
In base 12, what is 11820b - 230?
117b9b
In base 10, what is -13941915 - -70?
-13941845
In base 4, what is -30323 + 320333?
230010
In base 6, what is 1 + -1322253252?
-1322253251
In base 3, what is -101012002001 - 1210?
-101012010211
In base 14, what is -3944 + 8c?
-3896
In base 2, what is 10111010110110000 - -1001?
10111010110111001
In base 15, what is -4 + 3ec882?
3ec87d
In base 10, what is 4 + -28906795?
-28906791
In base 4, what is -31202302 + 2121113?
-23021123
In base 5, what is 2303221 + 42?
2303313
In base 8, what is 12104 + 50776?
63102
In base 4, what is -1012333020333 + -100?
-1012333021033
In base 16, what is -7f - a297b4?
-a29833
In base 9, what is -31061 + -530?
-31601
In base 7, what is -35355 + 310056?
241401
In base 10, what is 116496 + 31?
116527
In base 8, what is 3701623 + 0?
3701623
In base 13, what is -66 - 21729?
-21792
In base 15, what is -3 + 985b021?
985b01d
In base 5, what is 32044 - 21210?
10334
In base 15, what is 3a4c4958 + -5?
3a4c4953
In base 8, what is -771020141 + 3?
-771020136
In base 9, what is -5 - 18854416?
-18854422
In base 5, what is 4120244224 + 3?
4120244232
In base 2, what is 10110110100011100 - 1111?
10110110100001101
In base 5, what is -20234110313 + 3?
-20234110310
In base 2, what is 101000100110101101010 + 101?
101000100110101101111
In base 3, what is 102 - -120112211210?
120112212012
In base 6, what is -4 - -251123104?
251123100
In base 16, what is 30 + 516a2?
516d2
In base 7, what is 5 - -1656104640?
1656104645
In base 5, what is 421 - 44222012?
-44221041
In base 10, what is 3 + 112879086?
112879089
In base 16, what is -2a6f8 + -98c?
-2b084
In base 14, what is -1b822 - cd?
-1b911
In base 15, what is 65a5b - 5a2?
654a9
In base 13, what is 50 + -56439?
-563b9
In base 4, what is -200311103133 + 123?
-200311103010
In base 3, what is 112112110 + 212020?
120101200
In base 14, what is 0 + -22772cc?
-22772cc
In base 9, what is 827 + -805518?
-804581
In base 11, what is -21a4 + -7a0a?
-a103
In base 5, what is -30320221013 - 24?
-30320221042
In base 15, what is -506b4 - 10d?
-507c2
In base 12, what is 22175635 + 5?
2217563a
In base 2, what is -111 + 1001011111000101100000?
1001011111000101011001
In base 13, what is -8989 + -b1?
-8a6a
In base 8, what is 4107653235 + -4?
4107653231
In base 3, what is 121110 + 111012210?
111211020
In base 12, what is -495aba - -57?
-495a63
In base 8, what is -521103 - 267?
-521372
In base 7, what is 5 + 43663613?
43663621
In base 13, what is -814 + -3a098a?
-3a14a1
In base 6, what is -55104 - -1341?
-53323
In base 15, what is 38 - 363199?
-363161
In base 14, what is 42a61d + c?
42a62b
In base 8, what is 70251 + -31?
70220
In base 8, what is -561005 - 3076?
-564103
In base 6, what is -21330400214 + 1?
-21330400213
In base 12, what is 100519 - -2?
10051b
In base 9, what is -117733 + -72?
-117815
In base 8, what is 20127 - 16367?
1540
In base 15, what is 348351d - -3?
3483521
In base 9, what is 551571 - 743?
550727
In base 10, what is 46263959 + 16?
46263975
In base 7, what is -2343162 - -60?
-2343102
In base 11, what is -383a939 + -7?
-383a945
In base 7, what is -33 + 3405362?
3405326
In base 7, what is 25 + 421500005?
421500033
In base 9, what is 552 - 73365?
-72713
In base 11, what is 17605 - 516?
1709a
In base 15, what is -20de - -1a2?
-1e3c
In base 10, what is -682 + 150869?
150187
In base 11, what is -3 + 1897615?
1897612
In base 5, what is 310142340 + 13?
310142403
In base 8, what is 1522421 + 13?
1522434
In base 12, what is 28b061 + 70?
28b111
In base 16, what is -b + -2b2ab3?
-2b2abe
In base 9, what is -5734733 + 3?
-5734730
In base 12, what is 186a657 + -7?
186a650
In base 5, what is 1210 + 1204400?
1211110
In base 16, what is -c6e3d + -2?
-c6e3f
In base 16, what is 3d6551 + 18?
3d6569
In base 16, what is 1fcac8b - 2?
1fcac89
In base 9, what is 44801226 + -3?
44801223
In base 6, what is 1145403310 - -41?
1145403351
In base 12, what is -6583 - -1a74?
-470b
In base 4, what is -203012 - -12030301?
11221223
In base 2, what is -10101011001111001 - -10000000?
-10101010111111001
In base 16, what is 9627faf + 0?
9627faf
In base 16, what is -4 + 1e13ab0?
1e13aac
In base 14, what is 787b10 + 5?
787b15
In base 3, what is 1201211002001011100 - 12?
1201211002001011011
In base 9, what is 750 - -74581?
75441
In base 3, what is -1201000000212 - -22?
-1201000000120
In base 16, what is -352c - -302?
-322a
In base 5, what is -1 - 23343024?
-23343030
In base 2, what is 11000011110010011100 - 11001?
11000011110010000011
In base 16, what is 112017d - 3?
112017a
In base 5, what is 132014142 - -32?
132014224
In base 9, what is -1020731 + -4437?
-1025268
In base 7, what is 506544 + 532?
510406
In base 8, what is 3 - 34057135?
-34057132
In base 6, what is 2 + 2445334141?
2445334143
In base 6, what is -302302152 + -25?
-302302221
In base 14, what is -b8 - -379dc?
37924
In base 10, what is -409778523 + 0?
-409778523
In base 14, what is -1b6 + 11440?
11268
In base 16, what is -16 - -4dfeb0?
4dfe9a
In base 12, what is -9 + b07200?
b071b3
In base 15, what is -36c - -6b23b?
6adbe
In base 2, what is -100110001111010010101001101 - -10?
-100110001111010010101001011
In base 10, what is -1243451 + 1?
-1243450
In base 11, what is -22 - -41a69?
41a47
In base 5, what is -3041304 - -324?
-3040430
In base 7, what is 2416 - -5062?
10511
In base 4, what is 233011002 - 12?
233010330
In base 3, what is -2102222200201 - 0?
-2102222200201
In base 6, what is 22051130 + -454?
22050232
In base 13, what is 1b2c7 + 287?
1b581
In base 10, what is -253700 - -45?
-253655
In base 13, what is c - -58c720?
58c72c
In base 7, what is -51430 - -3153?
-45244
In base 15, what is -14 - -cd520?
cd50b
In base 12, what is -105518 + -76?
-105592
In base 15, what is -6a54b + 1203?
-69348
In base 9, what is -4 - 3805085?
-3805100
In base 10, what is -3 - -16832518?
16832515
In base 4, what is 11103033 - -20230?
11123323
In base 14, what is 1c51ca - 135?
1c5095
In base 7, what is 3605631111 - 2?
3605631106
In base 14, what is 0 - -346a0c4b?
346a0c4b
In base 9, what is 242664 + 40?
242714
In base 6, what is 44 + -14504122?
-14504034
In base 3, what is -221022 